{"id":190,"date":"2023-05-19T17:37:50","date_gmt":"2023-05-19T15:37:50","guid":{"rendered":"https:\/\/paulbocquet.com\/?page_id=190"},"modified":"2026-03-24T20:57:03","modified_gmt":"2026-03-24T20:57:03","slug":"le-soissonnais","status":"publish","type":"page","link":"https:\/\/paulbocquet.com\/index.php\/oeuvre\/le-soissonnais\/","title":{"rendered":"Le Soissonnais"},"content":{"rendered":"<p>[et_pb_section fb_built=&#8221;1&#8243; admin_label=&#8221;Projects&#8221; _builder_version=&#8221;4.23&#8243; _module_preset=&#8221;default&#8221; custom_padding=&#8221;1px||0px|||&#8221; locked=&#8221;off&#8221; collapsed=&#8221;on&#8221; global_colors_info=&#8221;{}&#8221; hover_enabled=&#8221;0&#8243; sticky_enabled=&#8221;0&#8243;][et_pb_row _builder_version=&#8221;4.20.0&#8243; _module_preset=&#8221;default&#8221; global_colors_info=&#8221;{}&#8221;][et_pb_column type=&#8221;4_4&#8243; _builder_version=&#8221;4.20.0&#8243; _module_preset=&#8221;default&#8221; global_colors_info=&#8221;{}&#8221;][et_pb_text _builder_version=&#8221;4.20.0&#8243; _module_preset=&#8221;14503544-8fb6-470c-b494-4d02555e5ceb&#8221; global_colors_info=&#8221;{}&#8221;]<\/p>\n<h1>LE soissonais<\/h1>\n<p>[\/et_pb_text][\/et_pb_column][\/et_pb_row][et_pb_row column_structure=&#8221;1_2,1_2&#8243; _builder_version=&#8221;4.23&#8243; _module_preset=&#8221;default&#8221; global_colors_info=&#8221;{}&#8221;][et_pb_column type=&#8221;1_2&#8243; _builder_version=&#8221;4.23&#8243; _module_preset=&#8221;default&#8221; global_colors_info=&#8221;{}&#8221;][et_pb_heading title=&#8221;Paul tient ses origines directes de deux r\u00e9gions g\u00e9ographiquement peu \u00e9loign\u00e9es, la r\u00e9gion du Soissonnais par son p\u00e8re, et la cit\u00e9 r\u00e9moise par sa m\u00e8re.&#8221; _builder_version=&#8221;4.23&#8243; _module_preset=&#8221;default&#8221; title_font=&#8221;Cormorant Garamond||||||||&#8221; title_line_height=&#8221;1.2em&#8221; global_colors_info=&#8221;{}&#8221;][\/et_pb_heading][\/et_pb_column][et_pb_column type=&#8221;1_2&#8243; _builder_version=&#8221;4.23&#8243; _module_preset=&#8221;default&#8221; global_colors_info=&#8221;{}&#8221;][et_pb_text _builder_version=&#8221;4.23&#8243; _module_preset=&#8221;default&#8221; global_colors_info=&#8221;{}&#8221;]<\/p>\n<div class=\"wp-block-columns alignwide has-extra-small-font-size\" style=\"padding: 0;\">\n<div class=\"wp-block-column\">\n<p class=\"has-text-align-justify\">Chaque \u00e9t\u00e9, il se retrouvera dans cette petite vall\u00e9e du Soissonnais, qu&#8217;il illustre de nombreuses \u00e9tudes : tournants de routes, tourelles du ch\u00e2teau, clocher du village dans la verdure. De Mai \u00e0 Octobre 1900 il y peint un nombre de toiles important, dont la vari\u00e9t\u00e9 demanderait toute une \u00e9tude. Dans sa mani\u00e8re de travailler, il m\u00e9lange quelques discrets \u00e0 plats du couteau aux touches l\u00e9g\u00e8res des brosses. Il a une vigueur qui, quelquefois, apporte une certaine duret\u00e9 \u00e0 laquelle se pr\u00eatent complaisamment les masses, verdoyantes de l&#8217;\u00e9t\u00e9, mais qu&#8217;il voudrait \u00e9viter.<\/p>\n<\/div>\n<\/div>\n<p>[\/et_pb_text][\/et_pb_column][\/et_pb_row][et_pb_row column_structure=&#8221;1_2,1_2&#8243; _builder_version=&#8221;4.23&#8243; _module_preset=&#8221;default&#8221; custom_padding=&#8221;||0px|||&#8221; scroll_fade=&#8221;14|59|59|100|0|100|100&#8243; global_colors_info=&#8221;{}&#8221; hover_enabled=&#8221;0&#8243; sticky_enabled=&#8221;0&#8243;][et_pb_column type=&#8221;1_2&#8243; _builder_version=&#8221;4.20.0&#8243; _module_preset=&#8221;default&#8221; custom_padding_tablet=&#8221;||30px||false|false&#8221; custom_padding_phone=&#8221;||30px||false|false&#8221; custom_padding_last_edited=&#8221;on|tablet&#8221; global_colors_info=&#8221;{}&#8221;][et_pb_image src=&#8221;https:\/\/paulbocquet.com\/wp-content\/uploads\/2026\/03\/Saint-Pierre-Aigle_Tournant-de-route-a-Saint-Pierre-Aigle-1914-Huile-sur-toile-81-x-116-cm-scaled.jpg&#8221; alt=&#8221;Saint-Pierre-Aigle_Tournant de route a\u0300 Saint-Pierre Aigle, 1914 (Huile sur toile, 81 x 116 cm)&#8221; title_text=&#8221;Saint-Pierre-Aigle_Tournant de route a\u0300 Saint-Pierre Aigle, 1914&#8243; use_overlay=&#8221;on&#8221; overlay_icon_color=&#8221;gcid-695690f7-1400-435d-ab5d-81e5d8a43692&#8243; hover_overlay_color=&#8221;rgba(255,255,255,0.21)&#8221; hover_icon=&#8221;&#xe050;||divi||400&#8243; force_fullwidth=&#8221;on&#8221; _builder_version=&#8221;4.23&#8243; _dynamic_attributes=&#8221;url&#8221; _module_preset=&#8221;default&#8221; background_color=&#8221;rgba(0,0,0,0.04)&#8221; max_height=&#8221;1000px&#8221; custom_margin=&#8221;||||false|false&#8221; box_shadow_style=&#8221;preset1&#8243; box_shadow_color=&#8221;gcid-e6f8585f-043d-4f05-ad96-fb05b9e45208&#8243; global_colors_info=&#8221;{%22gcid-e6f8585f-043d-4f05-ad96-fb05b9e45208%22:%91%22box_shadow_color%22%93,%22gcid-695690f7-1400-435d-ab5d-81e5d8a43692%22:%91%22overlay_icon_color%22%93}&#8221; custom_padding__hover_enabled=&#8221;off|hover&#8221; custom_padding__hover=&#8221;50px|50px|50px|50px|true|true&#8221; box_shadow_vertical__hover_enabled=&#8221;off|hover&#8221; box_shadow_blur__hover_enabled=&#8221;off|hover&#8221; box_shadow_blur__hover=&#8221;0px&#8221; box_shadow_color__hover_enabled=&#8221;off|hover&#8221; box_shadow_color__hover=&#8221;rgba(0,0,0,0.3)&#8221; custom_margin__hover_enabled=&#8221;off|hover&#8221; custom_margin__hover=&#8221;||62px||false|false&#8221; transform_styles__hover_enabled=&#8221;on|hover&#8221; transform_scale__hover_enabled=&#8221;on|hover&#8221; transform_translate__hover_enabled=&#8221;on|desktop&#8221; transform_rotate__hover_enabled=&#8221;on|desktop&#8221; transform_skew__hover_enabled=&#8221;on|desktop&#8221; transform_origin__hover_enabled=&#8221;on|desktop&#8221; transform_scale__hover=&#8221;90%|90%&#8221; box_shadow_spread__hover_enabled=&#8221;on|desktop&#8221; box_shadow_spread__hover=&#8221;30px&#8221; hover_enabled=&#8221;0&#8243; sticky_enabled=&#8221;0&#8243; show_in_lightbox=&#8221;on&#8221;][\/et_pb_image][et_pb_text _builder_version=&#8221;4.23&#8243; _module_preset=&#8221;10f43538-6144-4b58-95bd-e27169fecec2&#8243; custom_margin=&#8221;||10px||false|false&#8221; global_colors_info=&#8221;{}&#8221;]<\/p>\n<h4>Saint-Pierre-Aigle<\/h4>\n<p>[\/et_pb_text][\/et_pb_column][et_pb_column type=&#8221;1_2&#8243; _builder_version=&#8221;4.20.0&#8243; _module_preset=&#8221;default&#8221; global_colors_info=&#8221;{}&#8221;][et_pb_image src=&#8221;https:\/\/paulbocquet.com\/wp-content\/uploads\/2023\/09\/reims_temps-dorage-pres-de-courlancy-1901-ou-1941-huile-sur-toile-463-x-552-cm.jpg&#8221; alt=&#8221;Temps d&#8217;orage pre\u0300s de Courlancy, 1901 ou 1941 (Huile sur toile, 46,3 x 55,2 cm)&#8221; title_text=&#8221;Temps d&#8217;orage pre\u0300s de Courlancy&#8221; url=&#8221;@ET-DC@eyJkeW5hbWljIjp0cnVlLCJjb250ZW50IjoicG9zdF9saW5rX3VybF9wYWdlIiwic2V0dGluZ3MiOnsicG9zdF9pZCI6Ijg2NSJ9fQ==@&#8221; use_overlay=&#8221;on&#8221; overlay_icon_color=&#8221;gcid-695690f7-1400-435d-ab5d-81e5d8a43692&#8243; hover_overlay_color=&#8221;rgba(255,255,255,0.21)&#8221; hover_icon=&#8221;&#xe050;||divi||400&#8243; force_fullwidth=&#8221;on&#8221; _builder_version=&#8221;4.23&#8243; _dynamic_attributes=&#8221;url&#8221; _module_preset=&#8221;default&#8221; max_height=&#8221;1000px&#8221; custom_margin=&#8221;||||false|false&#8221; box_shadow_style=&#8221;preset1&#8243; box_shadow_color=&#8221;gcid-e6f8585f-043d-4f05-ad96-fb05b9e45208&#8243; transform_styles__hover_enabled=&#8221;on|hover&#8221; box_shadow_spread__hover=&#8221;30px&#8221; box_shadow_spread__hover_enabled=&#8221;on|desktop&#8221; global_colors_info=&#8221;{%22gcid-695690f7-1400-435d-ab5d-81e5d8a43692%22:%91%22overlay_icon_color%22,%22overlay_icon_color%22,%22overlay_icon_color%22,%22overlay_icon_color%22%93,%22gcid-e6f8585f-043d-4f05-ad96-fb05b9e45208%22:%91%22box_shadow_color%22,%22box_shadow_color%22,%22box_shadow_color%22%93}&#8221; background_color=&#8221;rgba(0,0,0,0.04)&#8221; transform_scale__hover=&#8221;90%|90%&#8221; transform_scale__hover_enabled=&#8221;on|hover&#8221; transform_translate__hover_enabled=&#8221;on|desktop&#8221; transform_rotate__hover_enabled=&#8221;on|desktop&#8221; transform_skew__hover_enabled=&#8221;on|desktop&#8221; transform_origin__hover_enabled=&#8221;on|desktop&#8221;][\/et_pb_image][et_pb_text _builder_version=&#8221;4.23&#8243; _module_preset=&#8221;10f43538-6144-4b58-95bd-e27169fecec2&#8243; max_height=&#8221;1000px&#8221; custom_margin=&#8221;||||false|false&#8221; global_colors_info=&#8221;{%22gcid-695690f7-1400-435d-ab5d-81e5d8a43692%22:%91%22overlay_icon_color%22%93,%22gcid-e6f8585f-043d-4f05-ad96-fb05b9e45208%22:%91%22box_shadow_color%22%93}&#8221; transform_styles__hover_enabled=&#8221;on|hover&#8221; transform_scale__hover=&#8221;90%|90%&#8221; transform_scale__hover_enabled=&#8221;on|hover&#8221; transform_translate__hover_enabled=&#8221;on|desktop&#8221; transform_rotate__hover_enabled=&#8221;on|desktop&#8221; transform_skew__hover_enabled=&#8221;on|desktop&#8221; transform_origin__hover_enabled=&#8221;on|desktop&#8221; box_shadow_spread__hover=&#8221;30px&#8221; box_shadow_spread__hover_enabled=&#8221;on|desktop&#8221;]<\/p>\n<h4>Coeuvres<\/h4>\n<p>[\/et_pb_text][\/et_pb_column][\/et_pb_row][et_pb_row _builder_version=&#8221;4.23&#8243; _module_preset=&#8221;default&#8221; global_colors_info=&#8221;{}&#8221;][et_pb_column type=&#8221;4_4&#8243; _builder_version=&#8221;4.23&#8243; _module_preset=&#8221;default&#8221; global_colors_info=&#8221;{}&#8221;][et_pb_divider show_divider=&#8221;off&#8221; _builder_version=&#8221;4.23&#8243; _module_preset=&#8221;default&#8221; global_colors_info=&#8221;{}&#8221;][\/et_pb_divider][\/et_pb_column][\/et_pb_row][et_pb_row _builder_version=&#8221;4.23&#8243; _module_preset=&#8221;default&#8221; global_colors_info=&#8221;{}&#8221; hover_enabled=&#8221;0&#8243; sticky_enabled=&#8221;0&#8243;][et_pb_column type=&#8221;4_4&#8243; _builder_version=&#8221;4.23&#8243; _module_preset=&#8221;default&#8221; global_colors_info=&#8221;{}&#8221;][et_pb_gallery gallery_ids=&#8221;2700,2701,2702,2704,210,212,208,209&#8243; posts_number=&#8221;8&#8243; show_title_and_caption=&#8221;off&#8221; show_pagination=&#8221;off&#8221; _builder_version=&#8221;4.23&#8243; _module_preset=&#8221;default&#8221; box_shadow_style_image=&#8221;preset1&#8243; box_shadow_color_image=&#8221;gcid-e6f8585f-043d-4f05-ad96-fb05b9e45208&#8243; global_colors_info=&#8221;{%22gcid-e6f8585f-043d-4f05-ad96-fb05b9e45208%22:%91%22box_shadow_color_image%22%93}&#8221; hover_enabled=&#8221;0&#8243; sticky_enabled=&#8221;0&#8243;][\/et_pb_gallery][\/et_pb_column][\/et_pb_row][\/et_pb_section]<\/p>\n","protected":false},"excerpt":{"rendered":"<p>LE soissonais Chaque \u00e9t\u00e9, il se retrouvera dans cette petite vall\u00e9e du Soissonnais, qu&#8217;il illustre de nombreuses \u00e9tudes : tournants de routes, tourelles du ch\u00e2teau, clocher du village dans la verdure. De Mai \u00e0 Octobre 1900 il y peint un nombre de toiles important, dont la vari\u00e9t\u00e9 demanderait toute une \u00e9tude. Dans sa mani\u00e8re de [&hellip;]<\/p>\n","protected":false},"author":2,"featured_media":208,"parent":369,"menu_order":0,"comment_status":"closed","ping_status":"closed","template":"","meta":{"_et_pb_use_builder":"on","_et_pb_old_content":"<!-- wp:columns {\"align\":\"wide\",\"style\":{\"spacing\":{\"padding\":{\"top\":\"0\",\"right\":\"0\",\"bottom\":\"0\",\"left\":\"0\"}}},\"fontSize\":\"extra-small\"} -->\n<div class=\"wp-block-columns alignwide has-extra-small-font-size\" style=\"padding-top:0;padding-right:0;padding-bottom:0;padding-left:0\"><!-- wp:column -->\n<div class=\"wp-block-column\"><!-- wp:paragraph {\"align\":\"justify\",\"dropCap\":true,\"style\":{\"typography\":{\"fontStyle\":\"normal\",\"fontWeight\":\"200\"}},\"fontSize\":\"large\"} -->\n<p class=\"has-drop-cap has-text-align-justify has-large-font-size\" style=\"font-style:normal;font-weight:200\">Paul tient ses origines directes de deux r\u00e9gions g\u00e9ographiquement peu \u00e9loign\u00e9es, la r\u00e9gion du Soissonnais par son p\u00e8re, et la cit\u00e9 r\u00e9moise par sa m\u00e8re. <\/p>\n<!-- \/wp:paragraph -->\n\n<!-- wp:paragraph {\"align\":\"justify\"} -->\n<p class=\"has-text-align-justify\">Chaque \u00e9t\u00e9, il se retrouvera dans cette petite vall\u00e9e du Soissonnais, qu'il illustre de nombreuses \u00e9tudes : tournants de routes, tourelles du ch\u00e2teau, clocher du village dans la verdure. De Mai \u00e0 Octobre 1900 il y peint un nombre de toiles important, dont la vari\u00e9t\u00e9 demanderait toute une \u00e9tude. Dans sa mani\u00e8re de travailler, il m\u00e9lange quelques discrets \u00e0 plats du couteau aux touches l\u00e9g\u00e8res des brosses. Il a une vigueur qui, quelquefois, apporte une certaine duret\u00e9 \u00e0 laquelle se pr\u00eatent complaisamment les masses, verdoyantes de l'\u00e9t\u00e9, mais qu'il voudrait \u00e9viter.<\/p>\n<!-- \/wp:paragraph --><\/div>\n<!-- \/wp:column --><\/div>\n<!-- \/wp:columns -->\n\n<!-- wp:media-text {\"align\":\"wide\",\"mediaId\":240,\"linkDestination\":\"custom\",\"mediaType\":\"image\",\"style\":{\"spacing\":{\"padding\":{\"top\":\"var:preset|spacing|60\",\"bottom\":\"var:preset|spacing|60\",\"left\":\"var:preset|spacing|60\",\"right\":\"var:preset|spacing|60\"}}},\"className\":\"is-style-twentytwentyone-border\"} -->\n<div class=\"wp-block-media-text alignwide is-stacked-on-mobile is-style-twentytwentyone-border\" style=\"padding-top:var(--wp--preset--spacing--60);padding-right:var(--wp--preset--spacing--60);padding-bottom:var(--wp--preset--spacing--60);padding-left:var(--wp--preset--spacing--60)\"><figure class=\"wp-block-media-text__media\"><a href=\"https:\/\/paulbocquet.com\/oeuvre\/le-soissonnais\/saint-pierre-aigle\/\"><img src=\"https:\/\/iamantwanb.wordpress.com\/wp-content\/uploads\/2023\/05\/saint-pierre-aigle_tournant-de-route-a-saint-pierre-aigle-1914-huile-sur-toile-81-x-116-cm.jpg?w=750\" alt=\"Saint-Pierre-Aigle_Tournant de route a\u0300 Saint-Pierre Aigle, 1914 (Huile sur toile, 81 x 116 cm)\" class=\"wp-image-240 size-full\" \/><\/a><\/figure><div class=\"wp-block-media-text__content\"><!-- wp:paragraph {\"placeholder\":\"Content\u2026\",\"style\":{\"typography\":{\"fontStyle\":\"normal\",\"fontWeight\":\"200\"}},\"fontSize\":\"extra-large\"} -->\n<p class=\"has-extra-large-font-size\" style=\"font-style:normal;font-weight:200\">Saint-Pierre-Aigle<\/p>\n<!-- \/wp:paragraph --><\/div><\/div>\n<!-- \/wp:media-text -->\n\n<!-- wp:media-text {\"align\":\"wide\",\"mediaPosition\":\"right\",\"mediaId\":151,\"linkDestination\":\"custom\",\"mediaType\":\"image\",\"style\":{\"spacing\":{\"padding\":{\"top\":\"var:preset|spacing|60\",\"bottom\":\"var:preset|spacing|60\",\"left\":\"var:preset|spacing|60\",\"right\":\"var:preset|spacing|60\"}},\"typography\":{\"fontStyle\":\"normal\",\"fontWeight\":\"200\"}},\"className\":\"is-style-twentytwentyone-border\",\"fontSize\":\"huge\"} -->\n<div class=\"wp-block-media-text alignwide has-media-on-the-right is-stacked-on-mobile is-style-twentytwentyone-border has-huge-font-size\" style=\"padding-top:var(--wp--preset--spacing--60);padding-right:var(--wp--preset--spacing--60);padding-bottom:var(--wp--preset--spacing--60);padding-left:var(--wp--preset--spacing--60);font-style:normal;font-weight:200\"><div class=\"wp-block-media-text__content\"><!-- wp:paragraph {\"placeholder\":\"Content\u2026\",\"fontSize\":\"extra-large\"} -->\n<p class=\"has-extra-large-font-size\">Coeuvres<\/p>\n<!-- \/wp:paragraph --><\/div><figure class=\"wp-block-media-text__media\"><a href=\"https:\/\/paulbocquet.com\/oeuvre\/le-soissonnais\/coeuvres\/\"><img src=\"https:\/\/iamantwanb.wordpress.com\/wp-content\/uploads\/2023\/05\/coeuvres-1933.jpg?w=750\" alt=\"\" class=\"wp-image-151 size-full\" \/><\/a><\/figure><\/div>\n<!-- \/wp:media-text -->","_et_gb_content_width":"","footnotes":""},"class_list":["post-190","page","type-page","status-publish","has-post-thumbnail","hentry"],"_links":{"self":[{"href":"https:\/\/paulbocquet.com\/index.php\/wp-json\/wp\/v2\/pages\/190","targetHints":{"allow":["GET"]}}],"collection":[{"href":"https:\/\/paulbocquet.com\/index.php\/wp-json\/wp\/v2\/pages"}],"about":[{"href":"https:\/\/paulbocquet.com\/index.php\/wp-json\/wp\/v2\/types\/page"}],"author":[{"embeddable":true,"href":"https:\/\/paulbocquet.com\/index.php\/wp-json\/wp\/v2\/users\/2"}],"replies":[{"embeddable":true,"href":"https:\/\/paulbocquet.com\/index.php\/wp-json\/wp\/v2\/comments?post=190"}],"version-history":[{"count":9,"href":"https:\/\/paulbocquet.com\/index.php\/wp-json\/wp\/v2\/pages\/190\/revisions"}],"predecessor-version":[{"id":3109,"href":"https:\/\/paulbocquet.com\/index.php\/wp-json\/wp\/v2\/pages\/190\/revisions\/3109"}],"up":[{"embeddable":true,"href":"https:\/\/paulbocquet.com\/index.php\/wp-json\/wp\/v2\/pages\/369"}],"wp:featuredmedia":[{"embeddable":true,"href":"https:\/\/paulbocquet.com\/index.php\/wp-json\/wp\/v2\/media\/208"}],"wp:attachment":[{"href":"https:\/\/paulbocquet.com\/index.php\/wp-json\/wp\/v2\/media?parent=190"}],"curies":[{"name":"wp","href":"https:\/\/api.w.org\/{rel}","templated":true}]}}